{"id":26356,"date":"2012-06-05T08:07:07","date_gmt":"2012-06-05T11:07:07","guid":{"rendered":"http:\/\/www.odontosites.com.br\/odonto\/?page_id=26356"},"modified":"2012-06-05T09:21:23","modified_gmt":"2012-06-05T12:21:23","slug":"cadastre-sua-empresa","status":"publish","type":"page","link":"https:\/\/www.odontosites.com.br\/odonto\/cadastre-sua-empresa\/","title":{"rendered":"Cadastre sua empresa"},"content":{"rendered":"<p><strong>Proposta para inclus\u00e3o de empresa na Se\u00e7\u00e3o Guia Produtos e servi\u00e7os de Odontologia<\/strong><\/p>\n<p><strong>1<\/strong>. O cadastro para\u00a0<strong>Guia de empresas de odontologia<\/strong>\u00a0no Odontosites \u00e9 exclusivo para empresas ligadas a Odontologia e prestadores de servi\u00e7os que possam de alguma maneira auxiliar o Cirurgi\u00e3o Dentista em seu dia a dia ou trazer algum tipo de benef\u00edcio \u00e0 classe odontol\u00f3gica.<\/p>\n<p><strong>2<\/strong>. N\u00e3o ser\u00e1 permitida a inser\u00e7\u00e3o de tabelas de pre\u00e7os, valores, ou porcentagens no campo descri\u00e7\u00e3o do formul\u00e1rio. O n\u00e3o cumprimento desta determina\u00e7\u00e3o poder\u00e1 ser motivo de exclus\u00e3o da empresa da Se\u00e7\u00e3o\u00a0<strong>&#8220;Guia de empresas de odontologia&#8221;<\/strong>\u00a0neste site.<\/p>\n<p><strong>3<\/strong>. O cadastro \u00e9 gratuito e n\u00e3o implica em nenhum v\u00ednculo entre o cadastrado e o Odontosites, n\u00e3o se responsabilizando o Odontosites pelo uso que terceiros venham a fazer destas informa\u00e7\u00f5es.<\/p>\n<p><strong>4<\/strong>. O Odontosites se reserva o direito de solicitar esclarecimentos a respeito de quaisquer um dos itens descritos no formul\u00e1rio, sempre por e-mail.<\/p>\n<p><strong>5<\/strong>. O Odontosites n\u00e3o garante qualquer tipo de retorno financeiro ao cadastrado.<\/p>\n<p><strong>6<\/strong>. O Odontosites n\u00e3o se responsabiliza pelas informa\u00e7\u00f5es prestadas no formul\u00e1rio e que ser\u00e3o vinculadas na Se\u00e7\u00e3o\u00a0<strong>&#8220;Guia de empresas de odontologia&#8221;<\/strong>, sendo seu conte\u00fado de inteira responsabilidade da empresa que efetuar o cadastro.<\/p>\n<p><strong>7<\/strong>. O Odontosites se reserva o direito de excluir de seu banco de dados qualquer empresa que n\u00e3o corresponder ao determinado no primeiro par\u00e1grafo deste acordo, ou infringir de alguma forma este termo de compromisso.<\/p>\n<p><strong>8<\/strong>. O Odontosites se reserva o direito de alterar o conte\u00fado da Se\u00e7\u00e3o\u00a0<strong>&#8220;Guia de empresas de odontologia&#8221;<\/strong>\u00a0sem pr\u00e9vio aviso ou comunica\u00e7\u00e3o a qualquer cadastrado.<\/p>\n<p><strong>9<\/strong>. Toda e qualquer atualiza\u00e7\u00e3o referente ao cadastro deve ser encaminhada por e-mail para o odontosites (<a href=\"mailto:contato@odontosites.com.br\" data-bitly-type=\"bitly_hover_card\">contato@odontosites.com.br<\/a>) que providenciar\u00e1 a efetiva mudan\u00e7a de acordo com seu cronograma de trabalho, n\u00e3o ficando estipulado aqui nenhum tipo de prazo para este servi\u00e7o.<\/p>\n<p><strong>O cadastrado afirma ter lido todos os termos deste acordo e concordado sem nenhuma ressalva com todos eles.<\/strong><\/p>\n<p style=\"text-align: center;\"><strong><a class=\"cadastro\" title=\"Cadastrar empresa\" href=\"http:\/\/www.odontosites.com.br\/odonto\/adicionar-empresa.html\">CONCORDO E QUERO FAZER O CADASTRO \u00bb<\/a>\u00a0<\/strong><\/p>\n<p style=\"text-align: center;\"><strong><a class=\"cadastro\" title=\"Odontosites\" href=\"http:\/\/www.odontosites.com.br\/odonto\/\">N\u00c3O CONCORDO \u00bb<\/a><\/strong><\/p>\n","protected":false},"excerpt":{"rendered":"<p>Proposta para inclus\u00e3o de empresa na Se\u00e7\u00e3o Guia Produtos e servi\u00e7os de Odontologia 1. O cadastro para\u00a0Guia de empresas de odontologia\u00a0no Odontosites \u00e9 exclusivo para empresas ligadas a Odontologia e prestadores de servi\u00e7os que possam de alguma maneira auxiliar o Cirurgi\u00e3o Dentista em seu dia a dia ou trazer algum tipo de benef\u00edcio \u00e0&#8230;<\/p>\n","protected":false},"author":11,"featured_media":0,"parent":0,"menu_order":0,"comment_status":"closed","ping_status":"open","template":"","meta":{"footnotes":""},"class_list":["post-26356","page","type-page","status-publish","hentry"],"yoast_head":"<!-- This site is optimized with the Yoast SEO plugin v27.2 - https:\/\/yoast.com\/product\/yoast-seo-wordpress\/ -->\n<title>Cadastre sua empresa - Odontosites<\/title>\n<meta name=\"description\" content=\"Proposta para inclus\u00e3o de empresa na Se\u00e7\u00e3o Guia Produtos e servi\u00e7os de Odontologia 1. O cadastro para\u00a0Guia de empresas de odontologia\u00a0no Odontosites \u00e9\" \/>\n<meta name=\"robots\" content=\"index, follow, max-snippet:-1, max-image-preview:large, max-video-preview:-1\" \/>\n<link rel=\"canonical\" href=\"https:\/\/www.odontosites.com.br\/odonto\/cadastre-sua-empresa\/\" \/>\n<meta property=\"og:locale\" content=\"pt_BR\" \/>\n<meta property=\"og:type\" content=\"article\" \/>\n<meta property=\"og:title\" content=\"Cadastre sua empresa - Odontosites\" \/>\n<meta property=\"og:description\" content=\"Proposta para inclus\u00e3o de empresa na Se\u00e7\u00e3o Guia Produtos e servi\u00e7os de Odontologia 1. O cadastro para\u00a0Guia de empresas de odontologia\u00a0no Odontosites \u00e9\" \/>\n<meta property=\"og:url\" content=\"https:\/\/www.odontosites.com.br\/odonto\/cadastre-sua-empresa\/\" \/>\n<meta property=\"og:site_name\" content=\"Odontosites - Odontologia em um clique\" \/>\n<meta property=\"article:publisher\" content=\"http:\/\/www.facebook.com\/odontosites\" \/>\n<meta property=\"article:modified_time\" content=\"2012-06-05T12:21:23+00:00\" \/>\n<meta name=\"twitter:card\" content=\"summary_large_image\" \/>\n<meta name=\"twitter:site\" content=\"@odontosites\" \/>\n<meta name=\"twitter:label1\" content=\"Est. tempo de leitura\" \/>\n\t<meta name=\"twitter:data1\" content=\"2 minutos\" \/>\n<script type=\"application\/ld+json\" class=\"yoast-schema-graph\">{\"@context\":\"https:\/\/schema.org\",\"@graph\":[{\"@type\":\"WebPage\",\"@id\":\"https:\/\/www.odontosites.com.br\/odonto\/cadastre-sua-empresa\/\",\"url\":\"https:\/\/www.odontosites.com.br\/odonto\/cadastre-sua-empresa\/\",\"name\":\"Cadastre sua empresa - Odontosites\",\"isPartOf\":{\"@id\":\"https:\/\/www.odontosites.com.br\/odonto\/#website\"},\"datePublished\":\"2012-06-05T11:07:07+00:00\",\"dateModified\":\"2012-06-05T12:21:23+00:00\",\"description\":\"Proposta para inclus\u00e3o de empresa na Se\u00e7\u00e3o Guia Produtos e servi\u00e7os de Odontologia 1. O cadastro para\u00a0Guia de empresas de odontologia\u00a0no Odontosites \u00e9\",\"breadcrumb\":{\"@id\":\"https:\/\/www.odontosites.com.br\/odonto\/cadastre-sua-empresa\/#breadcrumb\"},\"inLanguage\":\"pt-BR\",\"potentialAction\":[{\"@type\":\"ReadAction\",\"target\":[\"https:\/\/www.odontosites.com.br\/odonto\/cadastre-sua-empresa\/\"]}]},{\"@type\":\"BreadcrumbList\",\"@id\":\"https:\/\/www.odontosites.com.br\/odonto\/cadastre-sua-empresa\/#breadcrumb\",\"itemListElement\":[{\"@type\":\"ListItem\",\"position\":1,\"name\":\"Odontosites\",\"item\":\"https:\/\/www.odontosites.com.br\/odonto\/\"},{\"@type\":\"ListItem\",\"position\":2,\"name\":\"Cadastre sua empresa\"}]},{\"@type\":\"WebSite\",\"@id\":\"https:\/\/www.odontosites.com.br\/odonto\/#website\",\"url\":\"https:\/\/www.odontosites.com.br\/odonto\/\",\"name\":\"Odontosites - Odontologia em um clique\",\"description\":\"Noticias, Artigos, Eventos e Muito mais em um s\u00f3 lugar\",\"publisher\":{\"@id\":\"https:\/\/www.odontosites.com.br\/odonto\/#organization\"},\"potentialAction\":[{\"@type\":\"SearchAction\",\"target\":{\"@type\":\"EntryPoint\",\"urlTemplate\":\"https:\/\/www.odontosites.com.br\/odonto\/?s={search_term_string}\"},\"query-input\":{\"@type\":\"PropertyValueSpecification\",\"valueRequired\":true,\"valueName\":\"search_term_string\"}}],\"inLanguage\":\"pt-BR\"},{\"@type\":\"Organization\",\"@id\":\"https:\/\/www.odontosites.com.br\/odonto\/#organization\",\"name\":\"Odontosites - Odontologia em um clique\",\"url\":\"https:\/\/www.odontosites.com.br\/odonto\/\",\"logo\":{\"@type\":\"ImageObject\",\"inLanguage\":\"pt-BR\",\"@id\":\"https:\/\/www.odontosites.com.br\/odonto\/#\/schema\/logo\/image\/\",\"url\":\"https:\/\/www.odontosites.com.br\/odonto\/wp-content\/uploads\/2023\/10\/logo_odontosites_sem_fundo.png\",\"contentUrl\":\"https:\/\/www.odontosites.com.br\/odonto\/wp-content\/uploads\/2023\/10\/logo_odontosites_sem_fundo.png\",\"width\":518,\"height\":176,\"caption\":\"Odontosites - Odontologia em um clique\"},\"image\":{\"@id\":\"https:\/\/www.odontosites.com.br\/odonto\/#\/schema\/logo\/image\/\"},\"sameAs\":[\"http:\/\/www.facebook.com\/odontosites\",\"https:\/\/x.com\/odontosites\",\"http:\/\/www.instagram.com\/odontosites\"]}]}<\/script>\n<!-- \/ Yoast SEO plugin. -->","yoast_head_json":{"title":"Cadastre sua empresa - Odontosites","description":"Proposta para inclus\u00e3o de empresa na Se\u00e7\u00e3o Guia Produtos e servi\u00e7os de Odontologia 1. O cadastro para\u00a0Guia de empresas de odontologia\u00a0no Odontosites \u00e9","robots":{"index":"index","follow":"follow","max-snippet":"max-snippet:-1","max-image-preview":"max-image-preview:large","max-video-preview":"max-video-preview:-1"},"canonical":"https:\/\/www.odontosites.com.br\/odonto\/cadastre-sua-empresa\/","og_locale":"pt_BR","og_type":"article","og_title":"Cadastre sua empresa - Odontosites","og_description":"Proposta para inclus\u00e3o de empresa na Se\u00e7\u00e3o Guia Produtos e servi\u00e7os de Odontologia 1. O cadastro para\u00a0Guia de empresas de odontologia\u00a0no Odontosites \u00e9","og_url":"https:\/\/www.odontosites.com.br\/odonto\/cadastre-sua-empresa\/","og_site_name":"Odontosites - Odontologia em um clique","article_publisher":"http:\/\/www.facebook.com\/odontosites","article_modified_time":"2012-06-05T12:21:23+00:00","twitter_card":"summary_large_image","twitter_site":"@odontosites","twitter_misc":{"Est. tempo de leitura":"2 minutos"},"schema":{"@context":"https:\/\/schema.org","@graph":[{"@type":"WebPage","@id":"https:\/\/www.odontosites.com.br\/odonto\/cadastre-sua-empresa\/","url":"https:\/\/www.odontosites.com.br\/odonto\/cadastre-sua-empresa\/","name":"Cadastre sua empresa - Odontosites","isPartOf":{"@id":"https:\/\/www.odontosites.com.br\/odonto\/#website"},"datePublished":"2012-06-05T11:07:07+00:00","dateModified":"2012-06-05T12:21:23+00:00","description":"Proposta para inclus\u00e3o de empresa na Se\u00e7\u00e3o Guia Produtos e servi\u00e7os de Odontologia 1. O cadastro para\u00a0Guia de empresas de odontologia\u00a0no Odontosites \u00e9","breadcrumb":{"@id":"https:\/\/www.odontosites.com.br\/odonto\/cadastre-sua-empresa\/#breadcrumb"},"inLanguage":"pt-BR","potentialAction":[{"@type":"ReadAction","target":["https:\/\/www.odontosites.com.br\/odonto\/cadastre-sua-empresa\/"]}]},{"@type":"BreadcrumbList","@id":"https:\/\/www.odontosites.com.br\/odonto\/cadastre-sua-empresa\/#breadcrumb","itemListElement":[{"@type":"ListItem","position":1,"name":"Odontosites","item":"https:\/\/www.odontosites.com.br\/odonto\/"},{"@type":"ListItem","position":2,"name":"Cadastre sua empresa"}]},{"@type":"WebSite","@id":"https:\/\/www.odontosites.com.br\/odonto\/#website","url":"https:\/\/www.odontosites.com.br\/odonto\/","name":"Odontosites - Odontologia em um clique","description":"Noticias, Artigos, Eventos e Muito mais em um s\u00f3 lugar","publisher":{"@id":"https:\/\/www.odontosites.com.br\/odonto\/#organization"},"potentialAction":[{"@type":"SearchAction","target":{"@type":"EntryPoint","urlTemplate":"https:\/\/www.odontosites.com.br\/odonto\/?s={search_term_string}"},"query-input":{"@type":"PropertyValueSpecification","valueRequired":true,"valueName":"search_term_string"}}],"inLanguage":"pt-BR"},{"@type":"Organization","@id":"https:\/\/www.odontosites.com.br\/odonto\/#organization","name":"Odontosites - Odontologia em um clique","url":"https:\/\/www.odontosites.com.br\/odonto\/","logo":{"@type":"ImageObject","inLanguage":"pt-BR","@id":"https:\/\/www.odontosites.com.br\/odonto\/#\/schema\/logo\/image\/","url":"https:\/\/www.odontosites.com.br\/odonto\/wp-content\/uploads\/2023\/10\/logo_odontosites_sem_fundo.png","contentUrl":"https:\/\/www.odontosites.com.br\/odonto\/wp-content\/uploads\/2023\/10\/logo_odontosites_sem_fundo.png","width":518,"height":176,"caption":"Odontosites - Odontologia em um clique"},"image":{"@id":"https:\/\/www.odontosites.com.br\/odonto\/#\/schema\/logo\/image\/"},"sameAs":["http:\/\/www.facebook.com\/odontosites","https:\/\/x.com\/odontosites","http:\/\/www.instagram.com\/odontosites"]}]}},"_links":{"self":[{"href":"https:\/\/www.odontosites.com.br\/odonto\/wp-json\/wp\/v2\/pages\/26356","targetHints":{"allow":["GET"]}}],"collection":[{"href":"https:\/\/www.odontosites.com.br\/odonto\/wp-json\/wp\/v2\/pages"}],"about":[{"href":"https:\/\/www.odontosites.com.br\/odonto\/wp-json\/wp\/v2\/types\/page"}],"author":[{"embeddable":true,"href":"https:\/\/www.odontosites.com.br\/odonto\/wp-json\/wp\/v2\/users\/11"}],"replies":[{"embeddable":true,"href":"https:\/\/www.odontosites.com.br\/odonto\/wp-json\/wp\/v2\/comments?post=26356"}],"version-history":[{"count":0,"href":"https:\/\/www.odontosites.com.br\/odonto\/wp-json\/wp\/v2\/pages\/26356\/revisions"}],"wp:attachment":[{"href":"https:\/\/www.odontosites.com.br\/odonto\/wp-json\/wp\/v2\/media?parent=26356"}],"curies":[{"name":"wp","href":"https:\/\/api.w.org\/{rel}","templated":true}]}}