{"id":18053,"date":"2011-05-23T21:56:03","date_gmt":"2011-05-24T00:56:03","guid":{"rendered":"http:\/\/www.odontosites.com.br\/odonto\/?page_id=18053"},"modified":"2016-04-03T16:35:33","modified_gmt":"2016-04-03T19:35:33","slug":"concursos-de-odontologia","status":"publish","type":"page","link":"https:\/\/www.odontosites.com.br\/odonto\/concursos-de-odontologia\/","title":{"rendered":"Concursos de Odontologia"},"content":{"rendered":"<p>Abaixo voc\u00ea poder\u00e1 conferir os <strong>principais concursos de <a href=\"http:\/\/www.odontosites.com.br\/odonto\/\">odontologia<\/a> para o servi\u00e7o p\u00fablico nas esferas Municipal, Estadual e Federal<\/strong> previstos para os pr\u00f3ximos meses <strong>em todo o Brasil<\/strong>.<\/p>\n<hr \/>\n<p><span style=\"color: #3366ff;\"><strong>Publicidade<\/strong><\/span><\/p>\n<table border=\"0\" width=\"650\" cellspacing=\"2\" cellpadding=\"2\">\n<tbody>\n<tr>\n<td align=\"center\" valign=\"top\"><center><script async src=\"\/\/pagead2.googlesyndication.com\/pagead\/js\/adsbygoogle.js\"><\/script><br \/>\n<!-- 300x250 odontosites --><br \/>\n<ins class=\"adsbygoogle\"\n     style=\"display:block\"\n     data-ad-client=\"ca-pub-3012612086569406\"\n     data-ad-slot=\"9683393118\"\n     data-ad-format=\"auto\"><\/ins><br \/>\n<script>\n(adsbygoogle = window.adsbygoogle || []).push({});\n<\/script><\/center><\/td>\n<td align=\"center\" valign=\"bottom\"><a class=\"banner-abitep\" href=\"www.odontosites.abitep.com.br\" target=\"_blanck\"><img fetchpriority=\"high\" decoding=\"async\" src=\"http:\/\/www.cursospelaweb.com.br\/arquivos\/banners\/e6e2270f9f964835886ae95f6b1b3379.gif\" alt=\"\" width=\"300\" height=\"250\" border=\"0\" \/><\/a><\/td>\n<\/tr>\n<\/tbody>\n<\/table>\n<hr \/>\n<p>Se voc\u00ea \u00e9\u00a0<strong> <a href=\"http:\/\/www.odontosites.com.br\/odonto\/dentistas\">dentista<\/a><\/strong> n\u00e3o perca essa chance de conseguir um <strong>emprego p\u00fablico<\/strong> .<\/p>\n<p>Visite tamb\u00e9m nossa <strong> <a title=\"Livros para concursos p\u00fablicos\" href=\"http:\/\/www.livrariaodontosites.com.br\/produtos.asp?lang=pt_BR&amp;tipo_busca=categoria&amp;codigo_categoria=7&amp;utm_source=artigo&amp;utm_medium=odontosites&amp;utm_campaign=pagina_concursos\" target=\"_blank\">Livraria<\/a><\/strong> e conhe\u00e7a v\u00e1rios livros escritos especialmente para ajudar voc\u00ea a se sair muito bem em <strong>concursos p\u00fablicos de odontologia<\/strong>,\u00a0 como por exemplo , <a href=\"http:\/\/www.livrariaodontosites.com.br\/produtos_descricao.asp?lang=pt_BR&amp;codigo_produto=622&amp;livro=6000-questoes-de-odontologia-para-passar-em-concursos-raimundo-nonato-azevedo-ca\" target=\"_blank\">6000 quest\u00f5es de Odontologia<\/a>, <a href=\"http:\/\/www.livrariaodontosites.com.br\/produtos_descricao.asp?lang=pt_BR&amp;codigo_produto=752&amp;livro=4000-questoes-para-concursos-de-odontologia-bizu-o-x-da-questao-junqueira-paul\">Bizu de Odontologia<\/a>, <a href=\"http:\/\/www.livrariaodontosites.com.br\/produtos_descricao.asp?lang=pt_BR&amp;codigo_produto=987&amp;livro=quimo-nos-concursos-lingua-portuguesa-e-sus-ana-carolina-mrad-ismael-costa\" target=\"_blank\">Quimo Odontologia<\/a> e <a href=\"http:\/\/www.livrariaodontosites.com.br\/produtos_descricao.asp?lang=pt_BR&amp;codigo_produto=964&amp;livro=provas-militares-questoes-de-odontologia-raimundo-nonato-azevedo-carioca\" target=\"_blank\">Provas Militares<\/a><\/p>\n<h2>Concursos com inscri\u00e7\u00f5es abertas<\/h2>\n<p><iframe src=\"http:\/\/abitep.com.br\/concursos_dentistas_abitep\/pg-concursos-abertos.php\" width=\"600\" height=\"1000\" frameborder=\"0\" scrolling=\"yes\"><\/iframe><\/p>\n<p><script async src=\"\/\/pagead2.googlesyndication.com\/pagead\/js\/adsbygoogle.js\"><\/script><br \/>\n<!-- odontosites fim paginas --><br \/>\n<ins class=\"adsbygoogle\"\n     style=\"display:inline-block;width:468px;height:60px\"\n     data-ad-client=\"ca-pub-3012612086569406\"\n     data-ad-slot=\"3497258710\"><\/ins><br \/>\n<script>\n(adsbygoogle = window.adsbygoogle || []).push({});\n<\/script><\/center>&nbsp;<\/p>\n<hr \/>\n","protected":false},"excerpt":{"rendered":"<p>Abaixo voc\u00ea poder\u00e1 conferir os principais concursos de odontologia para o servi\u00e7o p\u00fablico nas esferas Municipal, Estadual e Federal previstos para os pr\u00f3ximos meses em todo o Brasil. Publicidade Se voc\u00ea \u00e9\u00a0 dentista n\u00e3o perca essa chance de conseguir um emprego p\u00fablico . Visite tamb\u00e9m nossa Livraria e conhe\u00e7a v\u00e1rios livros escritos especialmente para&#8230;<\/p>\n","protected":false},"author":1,"featured_media":0,"parent":0,"menu_order":0,"comment_status":"closed","ping_status":"closed","template":"","meta":{"footnotes":""},"class_list":["post-18053","page","type-page","status-publish","hentry"],"yoast_head":"<!-- This site is optimized with the Yoast SEO plugin v27.2 - https:\/\/yoast.com\/product\/yoast-seo-wordpress\/ -->\n<title>Concursos de Odontologia - ODONTOSITES - ODONTOLOGIA EM UM CLIQUE<\/title>\n<meta name=\"description\" content=\"Dentista se voc\u00ea quer prestar concursos de odontologia, n\u00e3o perca tempo, visite-nos e fique por dentro dos \u00faltimos Odontoconcursos abertos no Brasil.\" \/>\n<meta name=\"robots\" content=\"index, follow, max-snippet:-1, max-image-preview:large, max-video-preview:-1\" \/>\n<link rel=\"canonical\" href=\"https:\/\/www.odontosites.com.br\/odonto\/concursos-de-odontologia\/\" \/>\n<meta property=\"og:locale\" content=\"pt_BR\" \/>\n<meta property=\"og:type\" content=\"article\" \/>\n<meta property=\"og:title\" content=\"Concursos de Odontologia - ODONTOSITES - ODONTOLOGIA EM UM CLIQUE\" \/>\n<meta property=\"og:description\" content=\"Dentista se voc\u00ea quer prestar concursos de odontologia, n\u00e3o perca tempo, visite-nos e fique por dentro dos \u00faltimos Odontoconcursos abertos no Brasil.\" \/>\n<meta property=\"og:url\" content=\"https:\/\/www.odontosites.com.br\/odonto\/concursos-de-odontologia\/\" \/>\n<meta property=\"og:site_name\" content=\"Odontosites - Odontologia em um clique\" \/>\n<meta property=\"article:publisher\" content=\"http:\/\/www.facebook.com\/odontosites\" \/>\n<meta property=\"article:modified_time\" content=\"2016-04-03T19:35:33+00:00\" \/>\n<meta property=\"og:image\" content=\"http:\/\/www.cursospelaweb.com.br\/arquivos\/banners\/e6e2270f9f964835886ae95f6b1b3379.gif\" \/>\n<meta name=\"twitter:card\" content=\"summary_large_image\" \/>\n<meta name=\"twitter:site\" content=\"@odontosites\" \/>\n<script type=\"application\/ld+json\" class=\"yoast-schema-graph\">{\"@context\":\"https:\/\/schema.org\",\"@graph\":[{\"@type\":\"WebPage\",\"@id\":\"https:\/\/www.odontosites.com.br\/odonto\/concursos-de-odontologia\/\",\"url\":\"https:\/\/www.odontosites.com.br\/odonto\/concursos-de-odontologia\/\",\"name\":\"Concursos de Odontologia - ODONTOSITES - ODONTOLOGIA EM UM CLIQUE\",\"isPartOf\":{\"@id\":\"https:\/\/www.odontosites.com.br\/odonto\/#website\"},\"primaryImageOfPage\":{\"@id\":\"https:\/\/www.odontosites.com.br\/odonto\/concursos-de-odontologia\/#primaryimage\"},\"image\":{\"@id\":\"https:\/\/www.odontosites.com.br\/odonto\/concursos-de-odontologia\/#primaryimage\"},\"thumbnailUrl\":\"http:\/\/www.cursospelaweb.com.br\/arquivos\/banners\/e6e2270f9f964835886ae95f6b1b3379.gif\",\"datePublished\":\"2011-05-24T00:56:03+00:00\",\"dateModified\":\"2016-04-03T19:35:33+00:00\",\"description\":\"Dentista se voc\u00ea quer prestar concursos de odontologia, n\u00e3o perca tempo, visite-nos e fique por dentro dos \u00faltimos Odontoconcursos abertos no Brasil.\",\"breadcrumb\":{\"@id\":\"https:\/\/www.odontosites.com.br\/odonto\/concursos-de-odontologia\/#breadcrumb\"},\"inLanguage\":\"pt-BR\",\"potentialAction\":[{\"@type\":\"ReadAction\",\"target\":[\"https:\/\/www.odontosites.com.br\/odonto\/concursos-de-odontologia\/\"]}]},{\"@type\":\"ImageObject\",\"inLanguage\":\"pt-BR\",\"@id\":\"https:\/\/www.odontosites.com.br\/odonto\/concursos-de-odontologia\/#primaryimage\",\"url\":\"http:\/\/www.cursospelaweb.com.br\/arquivos\/banners\/e6e2270f9f964835886ae95f6b1b3379.gif\",\"contentUrl\":\"http:\/\/www.cursospelaweb.com.br\/arquivos\/banners\/e6e2270f9f964835886ae95f6b1b3379.gif\"},{\"@type\":\"BreadcrumbList\",\"@id\":\"https:\/\/www.odontosites.com.br\/odonto\/concursos-de-odontologia\/#breadcrumb\",\"itemListElement\":[{\"@type\":\"ListItem\",\"position\":1,\"name\":\"Odontosites\",\"item\":\"https:\/\/www.odontosites.com.br\/odonto\/\"},{\"@type\":\"ListItem\",\"position\":2,\"name\":\"Concursos de Odontologia\"}]},{\"@type\":\"WebSite\",\"@id\":\"https:\/\/www.odontosites.com.br\/odonto\/#website\",\"url\":\"https:\/\/www.odontosites.com.br\/odonto\/\",\"name\":\"Odontosites - Odontologia em um clique\",\"description\":\"Noticias, Artigos, Eventos e Muito mais em um s\u00f3 lugar\",\"publisher\":{\"@id\":\"https:\/\/www.odontosites.com.br\/odonto\/#organization\"},\"potentialAction\":[{\"@type\":\"SearchAction\",\"target\":{\"@type\":\"EntryPoint\",\"urlTemplate\":\"https:\/\/www.odontosites.com.br\/odonto\/?s={search_term_string}\"},\"query-input\":{\"@type\":\"PropertyValueSpecification\",\"valueRequired\":true,\"valueName\":\"search_term_string\"}}],\"inLanguage\":\"pt-BR\"},{\"@type\":\"Organization\",\"@id\":\"https:\/\/www.odontosites.com.br\/odonto\/#organization\",\"name\":\"Odontosites - Odontologia em um clique\",\"url\":\"https:\/\/www.odontosites.com.br\/odonto\/\",\"logo\":{\"@type\":\"ImageObject\",\"inLanguage\":\"pt-BR\",\"@id\":\"https:\/\/www.odontosites.com.br\/odonto\/#\/schema\/logo\/image\/\",\"url\":\"https:\/\/www.odontosites.com.br\/odonto\/wp-content\/uploads\/2023\/10\/logo_odontosites_sem_fundo.png\",\"contentUrl\":\"https:\/\/www.odontosites.com.br\/odonto\/wp-content\/uploads\/2023\/10\/logo_odontosites_sem_fundo.png\",\"width\":518,\"height\":176,\"caption\":\"Odontosites - Odontologia em um clique\"},\"image\":{\"@id\":\"https:\/\/www.odontosites.com.br\/odonto\/#\/schema\/logo\/image\/\"},\"sameAs\":[\"http:\/\/www.facebook.com\/odontosites\",\"https:\/\/x.com\/odontosites\",\"http:\/\/www.instagram.com\/odontosites\"]}]}<\/script>\n<!-- \/ Yoast SEO plugin. -->","yoast_head_json":{"title":"Concursos de Odontologia - ODONTOSITES - ODONTOLOGIA EM UM CLIQUE","description":"Dentista se voc\u00ea quer prestar concursos de odontologia, n\u00e3o perca tempo, visite-nos e fique por dentro dos \u00faltimos Odontoconcursos abertos no Brasil.","robots":{"index":"index","follow":"follow","max-snippet":"max-snippet:-1","max-image-preview":"max-image-preview:large","max-video-preview":"max-video-preview:-1"},"canonical":"https:\/\/www.odontosites.com.br\/odonto\/concursos-de-odontologia\/","og_locale":"pt_BR","og_type":"article","og_title":"Concursos de Odontologia - ODONTOSITES - ODONTOLOGIA EM UM CLIQUE","og_description":"Dentista se voc\u00ea quer prestar concursos de odontologia, n\u00e3o perca tempo, visite-nos e fique por dentro dos \u00faltimos Odontoconcursos abertos no Brasil.","og_url":"https:\/\/www.odontosites.com.br\/odonto\/concursos-de-odontologia\/","og_site_name":"Odontosites - Odontologia em um clique","article_publisher":"http:\/\/www.facebook.com\/odontosites","article_modified_time":"2016-04-03T19:35:33+00:00","og_image":[{"url":"http:\/\/www.cursospelaweb.com.br\/arquivos\/banners\/e6e2270f9f964835886ae95f6b1b3379.gif","type":"","width":"","height":""}],"twitter_card":"summary_large_image","twitter_site":"@odontosites","schema":{"@context":"https:\/\/schema.org","@graph":[{"@type":"WebPage","@id":"https:\/\/www.odontosites.com.br\/odonto\/concursos-de-odontologia\/","url":"https:\/\/www.odontosites.com.br\/odonto\/concursos-de-odontologia\/","name":"Concursos de Odontologia - ODONTOSITES - ODONTOLOGIA EM UM CLIQUE","isPartOf":{"@id":"https:\/\/www.odontosites.com.br\/odonto\/#website"},"primaryImageOfPage":{"@id":"https:\/\/www.odontosites.com.br\/odonto\/concursos-de-odontologia\/#primaryimage"},"image":{"@id":"https:\/\/www.odontosites.com.br\/odonto\/concursos-de-odontologia\/#primaryimage"},"thumbnailUrl":"http:\/\/www.cursospelaweb.com.br\/arquivos\/banners\/e6e2270f9f964835886ae95f6b1b3379.gif","datePublished":"2011-05-24T00:56:03+00:00","dateModified":"2016-04-03T19:35:33+00:00","description":"Dentista se voc\u00ea quer prestar concursos de odontologia, n\u00e3o perca tempo, visite-nos e fique por dentro dos \u00faltimos Odontoconcursos abertos no Brasil.","breadcrumb":{"@id":"https:\/\/www.odontosites.com.br\/odonto\/concursos-de-odontologia\/#breadcrumb"},"inLanguage":"pt-BR","potentialAction":[{"@type":"ReadAction","target":["https:\/\/www.odontosites.com.br\/odonto\/concursos-de-odontologia\/"]}]},{"@type":"ImageObject","inLanguage":"pt-BR","@id":"https:\/\/www.odontosites.com.br\/odonto\/concursos-de-odontologia\/#primaryimage","url":"http:\/\/www.cursospelaweb.com.br\/arquivos\/banners\/e6e2270f9f964835886ae95f6b1b3379.gif","contentUrl":"http:\/\/www.cursospelaweb.com.br\/arquivos\/banners\/e6e2270f9f964835886ae95f6b1b3379.gif"},{"@type":"BreadcrumbList","@id":"https:\/\/www.odontosites.com.br\/odonto\/concursos-de-odontologia\/#breadcrumb","itemListElement":[{"@type":"ListItem","position":1,"name":"Odontosites","item":"https:\/\/www.odontosites.com.br\/odonto\/"},{"@type":"ListItem","position":2,"name":"Concursos de Odontologia"}]},{"@type":"WebSite","@id":"https:\/\/www.odontosites.com.br\/odonto\/#website","url":"https:\/\/www.odontosites.com.br\/odonto\/","name":"Odontosites - Odontologia em um clique","description":"Noticias, Artigos, Eventos e Muito mais em um s\u00f3 lugar","publisher":{"@id":"https:\/\/www.odontosites.com.br\/odonto\/#organization"},"potentialAction":[{"@type":"SearchAction","target":{"@type":"EntryPoint","urlTemplate":"https:\/\/www.odontosites.com.br\/odonto\/?s={search_term_string}"},"query-input":{"@type":"PropertyValueSpecification","valueRequired":true,"valueName":"search_term_string"}}],"inLanguage":"pt-BR"},{"@type":"Organization","@id":"https:\/\/www.odontosites.com.br\/odonto\/#organization","name":"Odontosites - Odontologia em um clique","url":"https:\/\/www.odontosites.com.br\/odonto\/","logo":{"@type":"ImageObject","inLanguage":"pt-BR","@id":"https:\/\/www.odontosites.com.br\/odonto\/#\/schema\/logo\/image\/","url":"https:\/\/www.odontosites.com.br\/odonto\/wp-content\/uploads\/2023\/10\/logo_odontosites_sem_fundo.png","contentUrl":"https:\/\/www.odontosites.com.br\/odonto\/wp-content\/uploads\/2023\/10\/logo_odontosites_sem_fundo.png","width":518,"height":176,"caption":"Odontosites - Odontologia em um clique"},"image":{"@id":"https:\/\/www.odontosites.com.br\/odonto\/#\/schema\/logo\/image\/"},"sameAs":["http:\/\/www.facebook.com\/odontosites","https:\/\/x.com\/odontosites","http:\/\/www.instagram.com\/odontosites"]}]}},"_links":{"self":[{"href":"https:\/\/www.odontosites.com.br\/odonto\/wp-json\/wp\/v2\/pages\/18053","targetHints":{"allow":["GET"]}}],"collection":[{"href":"https:\/\/www.odontosites.com.br\/odonto\/wp-json\/wp\/v2\/pages"}],"about":[{"href":"https:\/\/www.odontosites.com.br\/odonto\/wp-json\/wp\/v2\/types\/page"}],"author":[{"embeddable":true,"href":"https:\/\/www.odontosites.com.br\/odonto\/wp-json\/wp\/v2\/users\/1"}],"replies":[{"embeddable":true,"href":"https:\/\/www.odontosites.com.br\/odonto\/wp-json\/wp\/v2\/comments?post=18053"}],"version-history":[{"count":0,"href":"https:\/\/www.odontosites.com.br\/odonto\/wp-json\/wp\/v2\/pages\/18053\/revisions"}],"wp:attachment":[{"href":"https:\/\/www.odontosites.com.br\/odonto\/wp-json\/wp\/v2\/media?parent=18053"}],"curies":[{"name":"wp","href":"https:\/\/api.w.org\/{rel}","templated":true}]}}